e 2*x + 2*x - 8 = 2*o, 5*x = 4*o + 22. Let a be j(o). Let c = 46 - a. Calculate the greatest common factor of c and 152.
19
Let i(c) = -c + 10. Let d(s) = -s + 10. Let a(m) = -3*d(m) + 4*i(m). Let j be a(8). What is the highest common divisor of 2 and j?
2
Suppose -102 = -5*n + i, 0*n + 4*i + 30 = 2*n. Let w be 7 + (-15)/3 + 3. Let b be (-2 + w)/((-3)/(-21)). Calculate the highest common divisor of n and b.
21
Let q(y) = y. Let a(m) = -19*m + 3. Let l(k) = -a(k) - 2*q(k). Let c be l(3). Calculate the highest common factor of 32 and c.
16
Let i be (10/(-25) - (-3)/(-5))*-14. Let s be (-2)/(-6)*-1*-9. Suppose 0 = 5*o - 10, -372 = -s*m - 0*o + 3*o. Calculate the highest common factor of m and i.
14
Suppose 2*w - 4*w = -4. Suppose -9256 = 3*a - 9295. Suppose -r + 5*o - 3 = 0, 9 = w*r + 4*o - a. What is the highest common divisor of 28 and r?
7
Let p be -12 - (0 - (1 + -4)). Let g be (-15)/p - (-5 + 1). Suppose 0 = g*a - 20 - 0. What is the greatest common divisor of 20 and a?
4
Let t be 1185*(3/(-36))/(5/(-40)). Calculate the highest common divisor of 79 and t.
79
Suppose 10 = u - 6. Let z = 9 + 7. Let g = z + -14. What is the greatest common factor of u and g?
2
Let i(n) = 2*n**2 + 21*n + 38. Let y be i(-2). Calculate the greatest common divisor of y and 22.
2
Let n be (-3 - -2)/(-1 + 2) - -3. Let c be -4 - -5 - (-17 - (-1 + n)). Calculate the greatest common divisor of c and 57.
19
Suppose -5*p + 110 = -30*o + 35*o, 4*p = 4. What is the highest common factor of o and 7?
7
Let u(l) = -3*l**3 - 4*l**2 + 14*l + 12. Let b be u(-4). Calculate the greatest common factor of 210 and b.
42
Suppose -19422 - 7773 = -49*v. Calculate the highest common divisor of v and 111.
111
Let p be (16/6)/((-10)/(-105)). Suppose y - 33 = 9. What is the greatest common divisor of p and y?
14
Let o(q) = 4*q + 43. Let a be o(-10). Suppose 2*s + 2*s - 281 = a*k, -4*s = 2*k - 306. What is the highest common factor of s and 37?
37
Let f(n) = 3*n**2 + 40*n + 141. Let o be f(-25). What is the highest common divisor of 127 and o?
127
Let j(y) = 84 + 65 - 186 - 9*y. Let v be j(-9). What is the highest common divisor of 22 and v?
22
Let y = 484 - 457. Calculate the highest common divisor of 261 and y.
9
Let u(j) = 3*j + 83. Let c be u(-24). Calculate the highest common factor of 451 and c.
11
Let p(l) = l**3 + 11*l**2 - 3*l - 20. Let s be p(-9). Calculate the greatest common divisor of s and 13.
13
Suppose -877 + 289 = -4*c. Let b = -48 - -51. Suppose -b*j + 2*i + 55 - 2 = 0, -5*i = j - 46. What is the greatest common divisor of c and j?
21
Let v(o) = 2*o**2 + 4 + o**3 + 7*o**2 - 6*o**2. Let i be v(3). Let r be (-15)/30*29*-2. What is the greatest common divisor of i and r?
29
Let q be (-6)/15*15/(-6). Let r be 0 + -3 - ((-54)/6 + -2). Calculate the greatest common divisor of r and q.
1
Suppose -8*i + 10*i - 3 = l, -5*i - 3*l = -13. What is the greatest common factor of 8 and i?
2
Suppose -4*b = 3*o, 4*b + 6 = -4*o + 2. Suppose -2*p = -b - 3. Suppose -5*h + 115 + 50 = 0. Calculate the highest common divisor of h and p.
3
Suppose -3*i - 7 + 232 = 2*j, -j + 135 = -3*i. Suppose 62 = 6*c - 28. What is the highest common factor of j and c?
15
Let m = -37 + 40. Let d(n) = 3*n - 5. Let y be d(m). What is the highest common factor of y and 16?
4
Let x(u) = 3*u + 3*u - 7*u + 16. Let t be x(12). Suppose p - 80 = -t*p. Calculate the greatest common factor of p and 144.
16
Let m(g) = -9*g - 20. Let q be m(-6). Let a = 181 - 147. What is the highest common factor of q and a?
34
Let c(i) = 2*i**3 + 3*i**2 + 4*i - 5. Let k be c(2). What is the greatest common divisor of k and 155?
31
Let y be (-4089)/(-15) - 50/(-125). Calculate the greatest common divisor of y and 156.
39
Let v(w) = w**2 - w + 10. Let b be (-27)/(-6) + (-7)/14. Let t be v(b). What is the greatest common divisor of 2 and t?
2
Let f be (-24)/20*-2*5. Calculate the highest common divisor of f and 36.
12
Let g be 105/28 + 9/24*-2. Suppose 0 = -2*q + 4, -7*m + 5*q = -g*m - 2. What is the highest common divisor of m and 15?
3
Let l(z) = -z**2 - 3*z - 2. Let u be l(-3). Let k be 2338/(9 + -2) + 2*u. What is the highest common factor of k and 30?
30
Let u = 157 - 136. Calculate the greatest common factor of 91 and u.
7
Suppose 29*p = 30*p - 20. Let s be (12/10)/(15/100). Let h be (0 + s)/((-2)/(-55)). What is the greatest common factor of h and p?
20
Suppose 2*c - 4250 = 4*x, -4*c + c + 5*x + 6371 = 0. Suppose c - 544 = 11*s. What is the greatest common divisor of 13 and s?
13
Let z = -80 + 176. What is the greatest common factor of 264 and z?
24
Suppose -3*k + 0*k = -3*s - 120, s = 3*k - 116. What is the greatest common factor of k and 190?
38
Suppose v - 4*v + 27 = 0. Let j be (9/(-15) + 1)/((-146)/(-365)). What is the greatest common divisor of v and j?
1
Suppose 2*w = 9*w + 63. Let j be w/12 + (-1150)/(-8). Calculate the greatest common divisor of j and 13.
13
Suppose 4*y = 237 + 47. Let j = 131 - y. Calculate the highest common divisor of j and 150.
30
Suppose 15 = 3*d - k, -2*d + 4*k = -k - 23. Let h be (d + 1)*11/55. Calculate the greatest common divisor of 8 and h.
1
Let w be ((-2)/3 - -5)/((-5)/(-30)). Suppose -5*q - 4*m = -9 - 48, -2*q = 3*m - 20. Calculate the highest common factor of w and q.
13
Suppose -3*a - 114 = 3*c, -c + 150 = -5*a + 2*c. Let z be 6/a + (-276)/(-66). Let s be 6/4*z - 4. What is the highest common divisor of 8 and s?
2
Let h(p) = -3*p - 3. Let t be h(-2). Let l be 40/t + (-1)/3. Let o(m) = m**2 + 8*m - 14. Let x be o(-15). Calculate the highest common divisor of x and l.
13
Let c(f) = -f**3 + 17*f**2 + 21*f - 20. Let p be c(18). Let b = -29 + p. Calculate the greatest common divisor of b and 55.
5
Let y(b) = 48*b**3 + b**2 - b. Let z = 11 + -9. Suppose -4*l = -2*l - z. Let q be y(l). Calculate the highest common divisor of q and 12.
12
Let o = 345 + -331. Calculate the greatest common factor of 322 and o.
14
Let p be 31 - (195/25 + (-12)/(-60)). Let s be (-2490)/(-27) - (-2)/(-9). Calculate the greatest common factor of s and p.
23
Let r be ((-3)/12)/(2/(-40)). Suppose -2 = 3*w - v, 0*w - 5*v = -2*w - 23. Calculate the greatest common factor of w and r.
1
Let u(n) = n**2 + 35*n - 113. Let c be u(-38). Suppose 3*b - 3 - 36 = q, 4*q - 65 = -5*b. Calculate the highest common factor of b and c.
1
Let n be ((1*-4)/2)/(-1). Let p be (-132)/n*90/(-9). Suppose -5*o + p = -o. Calculate the greatest common factor of 15 and o.
15
Let m(j) = 8*j - 2 + 3*j - 2 + j**2 + 8. Let p be m(-11). Suppose -2 = 2*d - p. What is the greatest common factor of d and 9?
1
Let a(o) = 72*o**2 - 3*o + 5. Let q be a(2). Calculate the highest common divisor of 41 and q.
41
Suppose -6*s + 2*f - 934 = -9*s, -s + 4*f + 288 = 0. What is the greatest common divisor of 33 and s?
11
Let q be (24/5)/(-2)*(55 - 110). Suppose -8*f + q = -2*f. What is the greatest common divisor of 352 and f?
22
Let a be (-2)/(-10) - (-11472)/240. Calculate the greatest common divisor of 60 and a.
12
Let c(r) = r + 10. Let a be c(-10). Let t be (-66)/(a - 6/9). What is the greatest common divisor of 11 and t?
11
Let y = 270 + -262. Calculate the greatest common factor of 160 and y.
8
Let u = 2 + 0. Let s be (-24)/(-14)*(5 + u). Let p = s + -7. Calculate the highest common factor of p and 15.
5
Let j be 2/4*(-576)/(-9). Calculate the highest common divisor of j and 512.
32
Let q = -750 - -774. What is the greatest common factor of q and 120?
24
Let g be (1 + (-93)/21)*-7. Let w = 71 + -65. Suppose -4*f + w = -2*f, 2*q - 9 = -f. Calculate the highest common divisor of q and g.
3
Suppose -2*v - 11 = 1. Let u be (-2)/v + 52/6. Suppose -55 = -2*m + u. Calculate the greatest common factor of m and 4.
4
Suppose 0 = -2*w, -6*w + 150 = 5*g - w. Let n = 172 - 166. Calculate the greatest common divisor of n and g.
6
Suppose 0 = -38*g - 21 + 249. Calculate the greatest common divisor of g and 41.
1
Let w = 46 - 36. Let d be (w/20)/(1/160). What is the greatest common divisor of d and 16?
16
Let l(g) = -2*g**2 + 5 - 3*g**2 - g**3 + 2*g**2 + 3*g. Suppose -2*r + 3*r = -1, 3*q = -5*r - 17. Let m be l(q). What is the highest common divisor of m and 6?
3
Suppose -20*w + 16*w = -232. Suppose -u + m + w = 0, -3*m - 129 - 101 = -4*u. Calculate the highest common factor of u and